- 5*j**2. What is the remainder when ((-4)/(-6) - 0)*69 is divided by h(6)?
10
What is the remainder when 2/3*24 + 1 is divided by 3?
2
Let b = -17 - -29. Calculate the remainder when 33 is divided by b.
9
Suppose 4*p + 16 = c + 3*c, -13 = -4*c + 3*p. Calculate the remainder when 4 is divided by c.
0
Suppose -2*w + 156 = 2*d, -3*d + d = -4. What is the remainder when w is divided by 20?
16
Let i(j) = j**2 + j + 13. What is the remainder when 35 is divided by i(0)?
9
Suppose 2*i = 2 + 12. Let u(r) = 12*r + 1. What is the remainder when u(2) is divided by i?
4
Suppose 4*d = 0, 4*i - 5*d - 20 = -i. Let z(s) = -i + 0 - 1 + s**2 + 3*s. What is the remainder when 38 is divided by z(-6)?
12
Let o = 48 + -34. What is the remainder when 26 is divided by o?
12
Let k(l) = l**3 - 9*l**2 + 9*l + 4. Calculate the remainder when 0 + (-5 - (-53 + 2)) is divided by k(8).
10
Let f = -21 - -30. Let v(n) = -2*n**2 + 9 - 10*n + n**2 + 20*n. What is the remainder when v(8) is divided by f?
7
Let w(b) be the third derivative of -b**6/120 + 7*b**5/30 + 2*b**3/3 + 9*b**2. Calculate the remainder when w(14) is divided by 3.
1
Suppose 0 = 4*s, -15 = -2*m - 3*s + 1. Let y(d) = -d**3 - 3*d**2 - 2. Suppose 11*n = 10*n - 4. Calculate the remainder when y(n) is divided by m.
6
Let n(h) = -7*h + 5. Calculate the remainder when 129 is divided by n(-4).
30
Calculate the remainder when 45 is divided by (-6)/15 + 186/15.
9
Suppose 6*l - 199 + 25 = 0. What is the remainder when l is divided by 20?
9
Suppose 11*w + 81 = 14*w. Calculate the remainder when w is divided by 14.
13
Suppose 5*y + 0*f - 75 = 2*f, -2*f - 45 = -3*y. What is the remainder when 1 - 1/(-1) - -27 is divided by y?
14
Let a = 9 - 2. Let l be (-8)/6*(-1 - 2). Suppose 5*p = 4*z - 32, 0*p + l*p = 3*z - 25. What is the remainder when a is divided by z?
1
Let q = -61 - -134. Calculate the remainder when q is divided by 20.
13
Let p(j) = -j**3 + j**2 + 17. Let q = -15 + 9. Let s = 6 + q. Calculate the remainder when 33 is divided by p(s).
16
Let g(y) = -y + 24. What is the remainder when g(-17) is divided by 7?
6
Suppose 2*c = -c + 9. Suppose -2*s - c*s = -55. What is the remainder when 32 is divided by s?
10
Suppose -t - 8 = -5*h, 4*h - 10 = t - 2*t. Suppose 14 = -h*g + 4*g. Calculate the remainder when 19 is divided by g.
5
Suppose -5*i = -0*i. Suppose i = 2*h - 3 - 3. Calculate the remainder when h is divided by 1.
0
Suppose 3*v = 5*a - 27, 4*v + 26 = 2*a - v. Suppose k + 27 - 3 = 4*f, 0 = -f + 5*k + 6. Let h = f - -1. What is the remainder when h is divided by a?
1
Let k be (-6 - 2)*1 - -1. Let j(p) = -p**2 - 5*p. Let a be j(k). Let n = a + 72. Calculate the remainder when n is divided by 20.
18
Let m = 59 + -34. Let f = 35 - m. Let q = f + 6. What is the remainder when 31 is divided by q?
15
Calculate the remainder when 122 is divided by (-7)/28 + 498/8.
60
Calculate the remainder when (-5)/((-50)/6)*195 is divided by 30.
27
Suppose a = -3, -a - 231 = t - 5*t. Calculate the remainder when 55 is divided by (2/(-6))/((-1)/t).
17
Let t(n) = n**3 + 6*n**2 + 4*n + 3. Calculate the remainder when 19 is divided by t(-5).
3
Suppose 200 = -w + 6*w. What is the remainder when w is divided by (-2)/(-4)*(24 - -4)?
12
Suppose -99 = -3*u - 3*q, -5*q + 2*q + 167 = 5*u. Let l = 59 - u. Calculate the remainder when l is divided by 9.
7
Let d(o) = -27*o + 1. Let m be d(-2). Suppose m = -5*z + 175. Calculate the remainder when z is divided by 9.
6
Let w(b) be the second derivative of b**5 - b**4/6 + b**3/3 - b**2/2 + 3*b. Calculate the remainder when w(1) is divided by 5.
4
Suppose 5*f = 5*s + 20, 2*f - 4*s = -3*s + 9. Suppose 0*z - 65 = -f*z. Suppose 4*a = 16, 3*d + 4 = 5*a - 1. Calculate the remainder when z is divided by d.
3
Let r = 390 + -139. What is the remainder when r is divided by 36?
35
Let n be -2 - 0 - (-4)/2. Let p = 1 + n. Calculate the remainder when 1 is divided by p.
0
Let z = 17 + -6. Let i = 29 + 2. What is the remainder when i is divided by z?
9
Suppose -2*f = -50 - 8. Calculate the remainder when 24 is divided by f/2 + (-5)/10.
10
Let y = -108 - -145. What is the remainder when 183 is divided by y?
35
Let o be 94/10 - (-6)/(-15). Calculate the remainder when 16 is divided by (9/1)/(o/6).
4
Let l(f) = 3*f**3 - f**2 - f + 2. Suppose b = 3*b - 78. Calculate the remainder when b is divided by l(2).
19
Let f(k) = k**2 + 3*k + 2. Let p(s) = -s**2 + 7*s + 5. Let n be p(8). Calculate the remainder when f(n) is divided by (-4)/((-2)/1) - 0.
0
Let o(u) = -u + 1. Let k be o(3). Let n = 47 - 15. What is the remainder when n is divided by (1/3)/(k/(-66))?
10
Let f = -47 + 82. Suppose 4*z = 2*y + 240, -2*z + z + 3*y + 60 = 0. Suppose -z = o - 6*o. What is the remainder when f is divided by o?
11
Suppose 0 = 2*n - 0*n - 62. What is the remainder when (-1 + n - -2) + 0 is divided by 11?
10
Let h = 19 - 3. Calculate the remainder when 31 is divided by h.
15
Let c(h) be the second derivative of -7*h**5/10 - h**4/6 + h**2/2 - 2*h. What is the remainder when 38 is divided by c(-1)?
12
Let g(z) = -z + 3. Let y(h) = -1. Let w(b) = -g(b) - 2*y(b). Suppose 4*q = 2*i - q - 13, -64 = -5*i + 2*q. What is the remainder when i is divided by w(6)?
4
Let g(b) = b**2 - 12*b - 4. Calculate the remainder when 243 is divided by g(15).
38
Let t be (2 - -3)*5/(-1). Let c = t + 50. Let g = c - 3. What is the remainder when g is divided by 12?
10
Suppose 25 = 2*i - 7. What is the remainder when 61 is divided by i?
13
Suppose -b = b - 38. Suppose 3*m - 93 = 3*n, -5*m - 6*n + n = -205. What is the remainder when m is divided by b?
17
Let s be 24*1*5/10. Let c be 2/(-8) - (-3)/s. Calculate the remainder when (c - 2)*1 - -55 is divided by 18.
17
Let z = -10 - -10. Suppose z = 2*h + 4 - 54. Calculate the remainder when h is divided by 9.
7
Let b = 3 + 6. Suppose w + b = 4*w. Suppose -3*f + 116 = 5*q, 2*f = -q - w + 22. Calculate the remainder when q is divided by 9.
7
Let h(w) = w**3 + 5*w**2 - 9*w - 6. Let c = 207 + -102. Suppose 0*t + 3*t = c. Calculate the remainder when t is divided by h(-6).
11
Let m = 11 + -5. Let s = m - 26. Calculate the remainder when 55 is divided by (-8)/s + 93/5.
17
Suppose 3*k = 4*k + 33. Let m = 46 + k. Calculate the remainder when 49 is divided by m.
10
Calculate the remainder when 5 is divided by 6/4*(-12)/(-9).
1
Suppose -d + 6 - 2 = 0. Suppose -5*z + 4*x + 19 = 0, 0 = -3*x - 2 - 1. Calculate the remainder when d is divided by z.
1
Let y = -2 + 2. Let d(o) = o**3 - o**2 - 3*o - 1. Calculate the remainder when d(3) is divided by -6*(y + -2)/4.
2
Suppose -r - 5 = -2*m, 3*r - 25 = -r - m. Suppose -r*k = h - 107, -k = -4*k + 3*h + 75. Suppose -3*z + 10 = -14. Calculate the remainder when k is divided by z.
6
Let j = 38 - 21. Let x = -67 - -117. What is the remainder when x is divided by j?
16
Let j = -56 + 98. Suppose 0*y - y = -j. Calculate the remainder when y is divided by 22.
20
Let l(h) = 8*h - 5. Suppose -4*r + 11 = 2*q - 5, -3*q = 5*r - 24. Calculate the remainder when l(q) is divided by 20.
19
Let f = -13 - -7. Let p = 8 + f. Suppose 3*b = -s + 17, -b + 3 = -s + p*s. What is the remainder when 18 is divided by b?
4
Let o(u) be the second derivative of -14*u**3/3 + 2*u. What is the remainder when 111 is divided by o(-1)?
27
Let i(y) = -2*y**2 - 17*y + 15. Let v = -1 - -12. Calculate the remainder when v is divided by i(-9).
5
Suppose 5*f - 76 = f. Calculate the remainder when f is divided by 11.
8
Let u(s) be the first derivative of s**3/3 + 9*s**2/2 + 9*s - 2. Let m be u(-7). Let l = 17 + m. What is the remainder when 35 is divided by l?
11
Suppose 22*x - 25*x = -33. Calculate the remainder when 39 is divided by x.
6
Let m = 31 + -29. Calculate the remainder when 2 is divided by m.
0
Let s = 42 + -26. What is the remainder when 62 is divided by s?
14
Suppose -122 = 5*q - 507. Calculate the remainder when q is divided by 26.
25
Let l = -15 - -25. Calculate the remainder when ((-132)/l)/(4/(-10)) is divided by 17.
16
Suppose 2*d = 5*y - 3 + 6, -2*y = 5*d + 36. Let p be 51/9 - (-4)/d. Let f = 21 - p. Calculate the remainder when f is divided by 9.
7
Let x(t) = 30*t + 1. Suppose -5*v + 7 = 2*k, -k = -4*v + 5 - 2. Calculate the remainder when x(k) is divided by (-1 - -10) + (3 - 1).
9
Let q(j) = 5*j + 13. What is the